4. What is the greatest common factor of a and i?
4
Suppose -35 = -4*n + 5. Suppose -4*f = -5*g - f + 12, 2*g = -4*f + n. Calculate the greatest common divisor of g and 21.
3
Let v = 37 - 35. Calculate the highest common factor of 14 and v.
2
Suppose 9 = 2*l - 13. Let v = -3 - -3. Suppose b - 2*b + 22 = v. Calculate the highest common factor of b and l.
11
Let j be (66/7)/(2/14). Let b be ((-18)/(-4))/(3/4). What is the highest common divisor of b and j?
6
Let w = 100 - 80. What is the greatest common factor of w and 110?
10
Suppose 0 = 4*l - 3*o - 567, -4*l - 4*o = -8*o - 564. Calculate the highest common factor of 16 and l.
16
Suppose -54 = -5*k + 36. Let z be k - (-2 + 1 - -1). Let m be (-2 - -1) + 1194/6. Calculate the greatest common factor of m and z.
18
Let q(d) = 3*d**3 - d. Let w be q(1). Suppose w*f + 137 = -5*u + 426, -122 = -f + 2*u. What is the highest common factor of 12 and f?
12
Suppose 5*f + 68 = 4*d + 2*f, 5*f - 80 = -3*d. Calculate the highest common factor of 220 and d.
20
Suppose 25*j + 15 = 315. Let w(x) = -x**3 + 2*x + 1. Let f be w(-1). Suppose f = 5*z - 105 - 15. Calculate the greatest common divisor of z and j.
12
Let y = 35 - -25. Let u = 34 - 24. What is the highest common factor of y and u?
10
Let r = -1 - -4. Let i be (-7)/r + (-2)/3. Let q = 4 + i. What is the highest common factor of 8 and q?
1
Suppose 0 = 3*f - 187 - 188. What is the highest common factor of f and 25?
25
Suppose -10 - 8 = -2*y. What is the highest common divisor of 36 and y?
9
Let r = -15 - 3. Let u = -8 - r. Calculate the highest common divisor of u and 15.
5
Let q(m) = m**2 + 3*m - 2. Let f be q(4). Suppose -2*t - 26 = -5*y - 0*t, -t + f = 4*y. Calculate the greatest common factor of y and 48.
6
Let z be (-2)/(-8) - 49/4. Let n = z - 3. Let b = n + 27. Calculate the greatest common divisor of b and 108.
12
Let b(m) = 3*m - 6. Let y be b(7). What is the greatest common factor of 135 and y?
15
Let u be ((-49)/(-21))/(1/69). Calculate the highest common divisor of 23 and u.
23
Let b(j) = -j**3 - 4*j - 3. Let r = -1 - 1. Let g = r + 0. Let y be b(g). What is the greatest common factor of 26 and y?
13
Let t = -308 + 110. Let m be 5*2/4*-2. Let c be 2/5 + t/m. Calculate the highest common factor of c and 5.
5
Let h = 6 + -7. Let d be (h - -10)*1/1. What is the greatest common factor of d and 81?
9
Let a be 27*((-21)/(-9) - 2). Calculate the greatest common factor of a and 45.
9
Let b(w) = -w. Let t(m) = 5*m - 20. Let u(g) = 3*b(g) + t(g). Let f be u(12). What is the greatest common divisor of f and 36?
4
Let d(p) = -4*p**2 - 16*p + 2. Let o be d(-3). Let g = -42 - -98. Calculate the greatest common divisor of o and g.
14
Suppose 18 = i - 20. Calculate the greatest common divisor of i and 95.
19
Let d = -49 + 94. Calculate the highest common divisor of d and 20.
5
Let h be 6 + 0 + -3 - 0. Suppose -7*i + h*i + 76 = 0. Calculate the greatest common factor of i and 57.
19
Let l = 10 + -2. Let a be 2*(-11)/l*-84. Calculate the highest common divisor of 21 and a.
21
Let b be ((-2)/(-3))/(4/(-6)). Let q = 2 + b. Suppose -h = -q - 2. What is the highest common divisor of 6 and h?
3
Suppose -569 = -5*b + 871. What is the highest common factor of 32 and b?
32
Let p = 16 + -14. Suppose -p*r - 2*r + 80 = 0. What is the highest common factor of r and 10?
10
Suppose 3*y - 42 = -4*k, -3*k + 18 + 12 = 3*y. Calculate the highest common divisor of k and 4.
4
Suppose x - 1 = -2*t + 10, 5*t - 32 = 2*x. Let p be ((-4)/t)/(2/(-216)). Calculate the highest common divisor of 9 and p.
9
Let k = 9 - 4. Suppose -3*b - 19 = -d, 0 = 5*b - 7*d + 2*d + 35. Let x = k - b. Calculate the greatest common divisor of 22 and x.
11
Let a(c) = 4*c**2 - 3*c - 4. Let j be a(-2). Let y(l) = -l - 5. Let r be y(-4). Let x be r*(-2 + (0 - 1)). What is the highest common factor of x and j?
3
Let m(w) = -4*w**3 + 5*w**2 + 3*w + 5. Let a be m(-2). What is the highest common factor of 17 and a?
17
Suppose -3*g = -4*m + 24 - 2, -5*m + 10 = 5*g. Suppose 0 = 3*f - 5*f. Suppose f = -6*c + 2*c + 176. Calculate the highest common divisor of c and m.
4
Suppose -3 = -a + 1. Let p = -42 + 54. What is the greatest common factor of p and a?
4
Let v(x) = -x**2 + 16*x + 3. Let a be v(11). Calculate the greatest common divisor of 87 and a.
29
Suppose -41*z + 38*z = -567. What is the greatest common factor of z and 21?
21
Let k be (4/5)/((-12)/90). Let g be -30*(2 - (-15)/k). Calculate the highest common divisor of g and 5.
5
Let q = -1 - -6. Suppose -a + 323 = q*w, -5*w - 5*a = -2*a - 319. Calculate the highest common divisor of w and 13.
13
Let f be (0/(-3) - -102) + 3. What is the highest common divisor of f and 15?
15
Let o be (4 - -10)/1 + -2. Calculate the highest common divisor of o and 6.
6
Let s(m) = -m + 8. Let q be s(6). Calculate the highest common factor of q and 4.
2
Let v = 17 + -13. Let w = v + 136. What is the greatest common divisor of 20 and w?
20
Let m(t) = 2*t**3 - 4*t**2 + 7*t - 7. Let c be m(4). Calculate the greatest common factor of c and 5.
5
Suppose -3*s = s - 68. Let b = -493 + 723. Suppose -5*o = -b - 195. What is the greatest common divisor of o and s?
17
Let f(r) = 5*r**2 + 3*r - 9. Let x be f(-6). Calculate the highest common divisor of 17 and x.
17
Let n = -11 - -5. Let o(q) = -12*q + 4. Let m be o(n). What is the highest common factor of m and 19?
19
Let c = 177 + -100. What is the greatest common divisor of c and 7?
7
Let k be 3*(-1)/(3/(-17)). Let f be (-3)/(-2 + (-3)/(-6)). Suppose -t - 119 = -f*t. Calculate the highest common divisor of t and k.
17
Suppose 0*r - r = -432. Suppose 0 = -2*t - t + r. What is the greatest common factor of t and 16?
16
Suppose 2*m - 234 = -72. Let i = m + 39. What is the highest common factor of i and 15?
15
Suppose 5*l = -5*c + 160, -4*l + 183 = 5*c + 25. Calculate the highest common divisor of 90 and c.
30
Suppose 2 = -4*b + t + 1, 5*b + 2*t - 15 = 0. Suppose -l + 4 = b. Calculate the highest common factor of 9 and l.
3
Let q(f) = f**2 - f + 16. Let v be q(6). What is the highest common divisor of v and 23?
23
Suppose 4*f + 0*f + 3*y - 240 = 0, -2*f = -y - 120. Calculate the greatest common divisor of 12 and f.
12
Let q be (-26)/(-6) - (-8)/(-24). Suppose -q*d = -41 - 63. Calculate the greatest common divisor of d and 65.
13
Suppose 0 = -3*l + 7*l - 88. Suppose 23 = 3*r - l. What is the greatest common factor of 165 and r?
15
Let x = 155 - 40. Suppose -227 = -5*g - 0*a + 3*a, 0 = -4*g + a + 183. Calculate the greatest common factor of g and x.
23
Suppose g - 28 - 4 = 0. Let c be 15/6*g/10. Calculate the highest common divisor of 1 and c.
1
Suppose -5*t - 158 = -h, 5*t = -h + 84 + 44. Let c be (-1 + 0)/(6/(-78)). Calculate the greatest common divisor of h and c.
13
Let u(c) = c**2 + 9*c - 6. Let s be u(-10). Suppose -s*a = 2 - 14. Suppose i - 35 = a*x, -3*i = -7*i - 2*x + 140. What is the highest common factor of i and 14?
7
Suppose 0 = 6*d - 2*d - 5*j - 158, 2*j = -2*d + 88. Let g = -8 - -29. What is the greatest common factor of d and g?
21
Let o(m) = -20*m**3 - 2*m**2 - 2*m - 1. Let q be o(-1). Let j(h) = 77*h**3 - 2*h**2 + 2*h - 1. Let u be j(1). What is the greatest common divisor of u and q?
19
Let k = -65 + 113. Suppose k = 2*b + 4*j, 2*b + 3*j - 5*j = 18. Suppose 3*l + 4 = 4*n - 31, 0 = n + l - b. Calculate the greatest common factor of 99 and n.
11
Suppose -i = -3*i + 20. Suppose -3*u - 1 + i = 0. Suppose 4*o - 5*w = 5*o - 35, -3*o = -u*w - 33. Calculate the highest common divisor of 6 and o.
3
Let j(d) = 4*d - 44. Let x be j(13). What is the greatest common factor of x and 72?
8
Let d = 1 - -2. Suppose 0 = 3*k - 0 - 6. Let h be (0 - -15)*k/5. What is the greatest common divisor of d and h?
3
Let w be (1 + -28)/(2 + 10/(-4)). What is the greatest common factor of 6 and w?
6
Let q be 3/9 - 1/3. Suppose -r = -q*r. Suppose 5*i + r*f - 80 = 2*f, -5*i + 4*f = -70. Calculate the highest common factor of 12 and i.
6
Let t(z) = -z**3 - 9*z**2 - 8*z + 1. Let c be t(-8). What is the greatest common divisor of 7 and c?
1
Suppose l - 2*m + 4 = 0, 2*l + m = 2*m + 1. Calculate the highest common divisor of 2 and l.
2
Let f be (5/15)/((-1)/(-15)). What is the greatest common factor of 25 and f?
5
Let c be (-2)/(-8) - (-11)/4. Let t(a) be the thir